{"id":431,"date":"2024-05-18T16:35:51","date_gmt":"2024-05-18T13:35:51","guid":{"rendered":"https:\/\/afacanbilgi.com\/esya\/?post_type=product&#038;p=431"},"modified":"2024-05-18T16:35:51","modified_gmt":"2024-05-18T13:35:51","slug":"cikma-reklam-brandasi-2-el-branda-sahibinden","status":"publish","type":"product","link":"https:\/\/afacanbilgi.com\/esya\/urun\/cikma-reklam-brandasi-2-el-branda-sahibinden\/","title":{"rendered":"\u00c7\u0131kma reklam brandas\u0131 2 El branda sahibinden"},"content":{"rendered":"<p><img loading=\"lazy\" decoding=\"async\" class=\"aligncenter size-full wp-image-432\" src=\"https:\/\/afacanbilgi.com\/esya\/wp-content\/uploads\/2024\/05\/cikma-reklam-brandasi-1.png\" alt=\"\" width=\"706\" height=\"626\" title=\"\" srcset=\"https:\/\/afacanbilgi.com\/esya\/wp-content\/uploads\/2024\/05\/cikma-reklam-brandasi-1.png 706w, https:\/\/afacanbilgi.com\/esya\/wp-content\/uploads\/2024\/05\/cikma-reklam-brandasi-1-600x532.png 600w, https:\/\/afacanbilgi.com\/esya\/wp-content\/uploads\/2024\/05\/cikma-reklam-brandasi-1-300x266.png 300w\" sizes=\"auto, (max-width: 706px) 100vw, 706px\" \/> <img loading=\"lazy\" decoding=\"async\" class=\"aligncenter size-full wp-image-433\" src=\"https:\/\/afacanbilgi.com\/esya\/wp-content\/uploads\/2024\/05\/cikma-reklam-brandasi-2.png\" alt=\"\" width=\"686\" height=\"584\" title=\"\" srcset=\"https:\/\/afacanbilgi.com\/esya\/wp-content\/uploads\/2024\/05\/cikma-reklam-brandasi-2.png 686w, https:\/\/afacanbilgi.com\/esya\/wp-content\/uploads\/2024\/05\/cikma-reklam-brandasi-2-600x511.png 600w, https:\/\/afacanbilgi.com\/esya\/wp-content\/uploads\/2024\/05\/cikma-reklam-brandasi-2-300x255.png 300w\" sizes=\"auto, (max-width: 686px) 100vw, 686px\" \/><\/p>\n","protected":false},"excerpt":{"rendered":"<p><strong>\u00e7\u0131kma reklam brandas\u0131<\/strong> Reklamdan \u00e7\u0131kma branda. A\u00e7\u0131k hava reklam brandas\u0131. \u0130lan Tarihi A\u00e7\u0131klama. Reklam brandas\u0131 Arad\u0131\u011f\u0131n\u0131z \u00fcr\u00fcn hangi sat\u0131c\u0131da ne kadara sat\u0131l\u0131yor bir arada listeliyoruz. 2 Ger\u00e7ek indirim ve kal\u0131n). Melisa B. \u0130lan konumu Eski\u015fehir&#8217;de sat\u0131l\u0131k yeni ve ikinci el Tente. Hi\u00e7bir \u00fccret \u00f6demeden harika f\u0131rsatlar bul ve \u00fcr\u00fcnlerini sat Branda metre karesi ne kadar? Branda su ge\u00e7irir mi?<br \/>\n1 top branda ka\u00e7 metre?<br \/>\n<strong>Lamineli branda ne demek?<\/strong><br \/>\nKampa ilk gittikleri anda \u00f6ncelikle brandan\u0131n kurulumunu yapar ve geriye kalan kamp<br \/>\nBranda Fiyatlar\u0131 | Branda Metrekare Fiyat\u0131 | Branda Fiyat\u0131<br \/>\nBranda metrekare fiyatlar\u0131 15 liradan ba\u015flay\u0131p 200 liraya kadar \u00e7\u0131kabilmektedir.<\/p>\n","protected":false},"featured_media":432,"template":"","meta":[],"product_brand":[],"product_cat":[15],"product_tag":[],"class_list":{"0":"post-431","1":"product","2":"type-product","3":"status-publish","4":"has-post-thumbnail","6":"product_cat-ikinci-el-esya","8":"first","9":"instock","10":"sale","11":"shipping-taxable","12":"purchasable","13":"product-type-simple"},"_links":{"self":[{"href":"https:\/\/afacanbilgi.com\/esya\/wp-json\/wp\/v2\/product\/431","targetHints":{"allow":["GET"]}}],"collection":[{"href":"https:\/\/afacanbilgi.com\/esya\/wp-json\/wp\/v2\/product"}],"about":[{"href":"https:\/\/afacanbilgi.com\/esya\/wp-json\/wp\/v2\/types\/product"}],"wp:featuredmedia":[{"embeddable":true,"href":"https:\/\/afacanbilgi.com\/esya\/wp-json\/wp\/v2\/media\/432"}],"wp:attachment":[{"href":"https:\/\/afacanbilgi.com\/esya\/wp-json\/wp\/v2\/media?parent=431"}],"wp:term":[{"taxonomy":"product_brand","embeddable":true,"href":"https:\/\/afacanbilgi.com\/esya\/wp-json\/wp\/v2\/product_brand?post=431"},{"taxonomy":"product_cat","embeddable":true,"href":"https:\/\/afacanbilgi.com\/esya\/wp-json\/wp\/v2\/product_cat?post=431"},{"taxonomy":"product_tag","embeddable":true,"href":"https:\/\/afacanbilgi.com\/esya\/wp-json\/wp\/v2\/product_tag?post=431"}],"curies":[{"name":"wp","href":"https:\/\/api.w.org\/{rel}","templated":true}]}}