{"id":437,"date":"2024-05-18T16:57:56","date_gmt":"2024-05-18T13:57:56","guid":{"rendered":"https:\/\/afacanbilgi.com\/esya\/?post_type=product&#038;p=437"},"modified":"2024-05-18T16:57:56","modified_gmt":"2024-05-18T13:57:56","slug":"ikinci-el-ikea-baza-yatak-kaliteli-ve-dayaniklidir","status":"publish","type":"product","link":"https:\/\/afacanbilgi.com\/esya\/urun\/ikinci-el-ikea-baza-yatak-kaliteli-ve-dayaniklidir\/","title":{"rendered":"\u0130K\u0130NC\u0130 EL \u0130KEA BAZA YATAK KAL\u0130TEL\u0130 VE DAYANIKLIDIR"},"content":{"rendered":"<div id=\"attachment_438\" style=\"width: 1546px\" class=\"wp-caption aligncenter\"><img loading=\"lazy\" decoding=\"async\" aria-describedby=\"caption-attachment-438\" class=\"wp-image-438 size-full\" title=\"\u0130K\u0130NC\u0130 EL \u0130KEA BAZA YATAK\" src=\"https:\/\/afacanbilgi.com\/esya\/wp-content\/uploads\/2024\/05\/IKINCI-EL-IKEA-BAZA-YATAK-2.jpg\" alt=\"\" width=\"1536\" height=\"2048\" srcset=\"https:\/\/afacanbilgi.com\/esya\/wp-content\/uploads\/2024\/05\/IKINCI-EL-IKEA-BAZA-YATAK-2.jpg 1536w, https:\/\/afacanbilgi.com\/esya\/wp-content\/uploads\/2024\/05\/IKINCI-EL-IKEA-BAZA-YATAK-2-600x800.jpg 600w, https:\/\/afacanbilgi.com\/esya\/wp-content\/uploads\/2024\/05\/IKINCI-EL-IKEA-BAZA-YATAK-2-225x300.jpg 225w, https:\/\/afacanbilgi.com\/esya\/wp-content\/uploads\/2024\/05\/IKINCI-EL-IKEA-BAZA-YATAK-2-768x1024.jpg 768w, https:\/\/afacanbilgi.com\/esya\/wp-content\/uploads\/2024\/05\/IKINCI-EL-IKEA-BAZA-YATAK-2-1152x1536.jpg 1152w\" sizes=\"auto, (max-width: 1536px) 100vw, 1536px\" \/><p id=\"caption-attachment-438\" class=\"wp-caption-text\">\u0130K\u0130NC\u0130 EL \u0130KEA BAZA YATAK<\/p><\/div>\n<p><img loading=\"lazy\" decoding=\"async\" class=\"aligncenter size-full wp-image-439\" src=\"https:\/\/afacanbilgi.com\/esya\/wp-content\/uploads\/2024\/05\/IKINCI-EL-IKEA-BAZA-YATAK-1.jpg\" alt=\"\" width=\"1536\" height=\"2048\" title=\"\" srcset=\"https:\/\/afacanbilgi.com\/esya\/wp-content\/uploads\/2024\/05\/IKINCI-EL-IKEA-BAZA-YATAK-1.jpg 1536w, https:\/\/afacanbilgi.com\/esya\/wp-content\/uploads\/2024\/05\/IKINCI-EL-IKEA-BAZA-YATAK-1-600x800.jpg 600w, https:\/\/afacanbilgi.com\/esya\/wp-content\/uploads\/2024\/05\/IKINCI-EL-IKEA-BAZA-YATAK-1-225x300.jpg 225w, https:\/\/afacanbilgi.com\/esya\/wp-content\/uploads\/2024\/05\/IKINCI-EL-IKEA-BAZA-YATAK-1-768x1024.jpg 768w, https:\/\/afacanbilgi.com\/esya\/wp-content\/uploads\/2024\/05\/IKINCI-EL-IKEA-BAZA-YATAK-1-1152x1536.jpg 1152w\" sizes=\"auto, (max-width: 1536px) 100vw, 1536px\" \/><\/p>\n","protected":false},"excerpt":{"rendered":"<p>\u0130K\u0130NC\u0130 EL \u0130KEA BAZA YATAK Yatak Odas\u0131 Mobilyas\u0131 Modelleri, ikinci el ve s\u0131f\u0131r se\u00e7enekleri ve b\u00fct\u00e7enize uygun fiyat alternatifleriyle 2. El \u0131kea \u00e7ift ki\u015filik karyola140x200cm Baza Yatak Ba\u015fl\u0131k Set Halindedir Detayl\u0131 Bilgi \u0130\u00e7in Bizimle \u0130leti\u015fime Ge\u00e7ebilirsiniz. K\u00fc\u00e7\u00fckyal\u0131 Mahallesi ebatlar\u0131nda beyaz karyola Yatakl\u0131 kanepe esnekli\u011fi: oturma odan\u0131z\u0131 ikinci bir yatak odas\u0131na d\u00f6n\u00fc\u015ft\u00fcr\u00fcn. K\u00fc\u00e7\u00fck bir alanda  Kaliteli tasar\u0131m, zarafet ve uzun \u00f6m\u00fcr bir araya getiren karyola ile r\u00fcya gibi bir yatak odas\u0131<\/p>\n","protected":false},"featured_media":438,"template":"","meta":[],"product_brand":[],"product_cat":[34],"product_tag":[37],"class_list":{"0":"post-437","1":"product","2":"type-product","3":"status-publish","4":"has-post-thumbnail","6":"product_cat-ikinci-el-mobilya","7":"product_tag-ikinci-el-yatak-baza","9":"first","10":"instock","11":"sale","12":"shipping-taxable","13":"purchasable","14":"product-type-simple"},"_links":{"self":[{"href":"https:\/\/afacanbilgi.com\/esya\/wp-json\/wp\/v2\/product\/437","targetHints":{"allow":["GET"]}}],"collection":[{"href":"https:\/\/afacanbilgi.com\/esya\/wp-json\/wp\/v2\/product"}],"about":[{"href":"https:\/\/afacanbilgi.com\/esya\/wp-json\/wp\/v2\/types\/product"}],"wp:featuredmedia":[{"embeddable":true,"href":"https:\/\/afacanbilgi.com\/esya\/wp-json\/wp\/v2\/media\/438"}],"wp:attachment":[{"href":"https:\/\/afacanbilgi.com\/esya\/wp-json\/wp\/v2\/media?parent=437"}],"wp:term":[{"taxonomy":"product_brand","embeddable":true,"href":"https:\/\/afacanbilgi.com\/esya\/wp-json\/wp\/v2\/product_brand?post=437"},{"taxonomy":"product_cat","embeddable":true,"href":"https:\/\/afacanbilgi.com\/esya\/wp-json\/wp\/v2\/product_cat?post=437"},{"taxonomy":"product_tag","embeddable":true,"href":"https:\/\/afacanbilgi.com\/esya\/wp-json\/wp\/v2\/product_tag?post=437"}],"curies":[{"name":"wp","href":"https:\/\/api.w.org\/{rel}","templated":true}]}}