{"id":440,"date":"2024-05-18T17:04:17","date_gmt":"2024-05-18T14:04:17","guid":{"rendered":"https:\/\/afacanbilgi.com\/esya\/?post_type=product&#038;p=440"},"modified":"2024-05-18T17:04:17","modified_gmt":"2024-05-18T14:04:17","slug":"cikma-1010-insaat-kerestesi-civi-yok-kaliteli-ve-tertemiz-agaclar","status":"publish","type":"product","link":"https:\/\/afacanbilgi.com\/esya\/urun\/cikma-1010-insaat-kerestesi-civi-yok-kaliteli-ve-tertemiz-agaclar\/","title":{"rendered":"\u00c7\u0131kma 10*10 in\u015faat kerestesi \u00e7ivi yok kaliteli ve tertemiz a\u011fa\u00e7lar"},"content":{"rendered":"<div id=\"attachment_441\" style=\"width: 900px\" class=\"wp-caption aligncenter\"><img loading=\"lazy\" decoding=\"async\" aria-describedby=\"caption-attachment-441\" class=\"wp-image-441 size-full\" title=\"\u00c7\u0131kma 1010 in\u015faat kerestesi\" src=\"https:\/\/afacanbilgi.com\/esya\/wp-content\/uploads\/2024\/05\/Cikma-10-10-insaat-kerestesi-2.png\" alt=\"\" width=\"890\" height=\"614\" srcset=\"https:\/\/afacanbilgi.com\/esya\/wp-content\/uploads\/2024\/05\/Cikma-10-10-insaat-kerestesi-2.png 890w, https:\/\/afacanbilgi.com\/esya\/wp-content\/uploads\/2024\/05\/Cikma-10-10-insaat-kerestesi-2-600x414.png 600w, https:\/\/afacanbilgi.com\/esya\/wp-content\/uploads\/2024\/05\/Cikma-10-10-insaat-kerestesi-2-300x207.png 300w, https:\/\/afacanbilgi.com\/esya\/wp-content\/uploads\/2024\/05\/Cikma-10-10-insaat-kerestesi-2-768x530.png 768w\" sizes=\"auto, (max-width: 890px) 100vw, 890px\" \/><p id=\"caption-attachment-441\" class=\"wp-caption-text\">\u00c7\u0131kma 1010 in\u015faat kerestesi<\/p><\/div>\n<p><img loading=\"lazy\" decoding=\"async\" class=\"aligncenter size-full wp-image-442\" src=\"https:\/\/afacanbilgi.com\/esya\/wp-content\/uploads\/2024\/05\/Cikma-10-10-insaat-kerestesi-1.png\" alt=\"\" width=\"969\" height=\"602\" title=\"\" srcset=\"https:\/\/afacanbilgi.com\/esya\/wp-content\/uploads\/2024\/05\/Cikma-10-10-insaat-kerestesi-1.png 969w, https:\/\/afacanbilgi.com\/esya\/wp-content\/uploads\/2024\/05\/Cikma-10-10-insaat-kerestesi-1-600x373.png 600w, https:\/\/afacanbilgi.com\/esya\/wp-content\/uploads\/2024\/05\/Cikma-10-10-insaat-kerestesi-1-300x186.png 300w, https:\/\/afacanbilgi.com\/esya\/wp-content\/uploads\/2024\/05\/Cikma-10-10-insaat-kerestesi-1-768x477.png 768w\" sizes=\"auto, (max-width: 969px) 100vw, 969px\" \/><\/p>\n","protected":false},"excerpt":{"rendered":"<p><strong>\u00c7\u0131kma 1010 in\u015faat kerestesi<\/strong> ikinci el in\u015faat kerestesi ikinci el kereste sat\u0131l\u0131k 2 El kereste Fiyatlar\u0131 sahibinden 2. el kereste letgo \u0130kinci el \u00e7\u0131kma in\u015faat kerestesi fiyatlar\u0131 ve Merhaba dostlar Sahibinden olarak 2. el kereste \u0130n\u015faat kalas\u0131, \u0130n\u015faat kerestesi, 3 metre 5*10 kereste fiyatlar\u0131 ikinci el in\u015faat kal\u0131p kerestesi ilan\u0131 nalbulda bir \u015fey 2. el kereste.<\/p>\n","protected":false},"featured_media":442,"template":"","meta":[],"product_brand":[],"product_cat":[15,34],"product_tag":[],"class_list":{"0":"post-440","1":"product","2":"type-product","3":"status-publish","4":"has-post-thumbnail","6":"product_cat-ikinci-el-esya","7":"product_cat-ikinci-el-mobilya","9":"first","10":"instock","11":"sale","12":"shipping-taxable","13":"purchasable","14":"product-type-simple"},"_links":{"self":[{"href":"https:\/\/afacanbilgi.com\/esya\/wp-json\/wp\/v2\/product\/440","targetHints":{"allow":["GET"]}}],"collection":[{"href":"https:\/\/afacanbilgi.com\/esya\/wp-json\/wp\/v2\/product"}],"about":[{"href":"https:\/\/afacanbilgi.com\/esya\/wp-json\/wp\/v2\/types\/product"}],"wp:featuredmedia":[{"embeddable":true,"href":"https:\/\/afacanbilgi.com\/esya\/wp-json\/wp\/v2\/media\/442"}],"wp:attachment":[{"href":"https:\/\/afacanbilgi.com\/esya\/wp-json\/wp\/v2\/media?parent=440"}],"wp:term":[{"taxonomy":"product_brand","embeddable":true,"href":"https:\/\/afacanbilgi.com\/esya\/wp-json\/wp\/v2\/product_brand?post=440"},{"taxonomy":"product_cat","embeddable":true,"href":"https:\/\/afacanbilgi.com\/esya\/wp-json\/wp\/v2\/product_cat?post=440"},{"taxonomy":"product_tag","embeddable":true,"href":"https:\/\/afacanbilgi.com\/esya\/wp-json\/wp\/v2\/product_tag?post=440"}],"curies":[{"name":"wp","href":"https:\/\/api.w.org\/{rel}","templated":true}]}}