{"id":488,"date":"2024-05-25T15:29:03","date_gmt":"2024-05-25T12:29:03","guid":{"rendered":"https:\/\/afacanbilgi.com\/esya\/?post_type=product&#038;p=488"},"modified":"2024-05-25T15:29:03","modified_gmt":"2024-05-25T12:29:03","slug":"konteyner-pazari-satilik-kiralik-ve-2-el-konteyner-ilanlari-ile-konteynerler","status":"publish","type":"product","link":"https:\/\/afacanbilgi.com\/esya\/urun\/konteyner-pazari-satilik-kiralik-ve-2-el-konteyner-ilanlari-ile-konteynerler\/","title":{"rendered":"Konteyner Pazar\u0131, sat\u0131l\u0131k, kiral\u0131k ve 2. el konteyner ilanlar\u0131 ile konteynerler"},"content":{"rendered":"<p><img loading=\"lazy\" decoding=\"async\" class=\"aligncenter size-full wp-image-489\" src=\"https:\/\/afacanbilgi.com\/esya\/wp-content\/uploads\/2024\/05\/Konteyner-Pazari-satilik-kiralik-3.png\" alt=\"\" width=\"849\" height=\"634\" title=\"\" srcset=\"https:\/\/afacanbilgi.com\/esya\/wp-content\/uploads\/2024\/05\/Konteyner-Pazari-satilik-kiralik-3.png 849w, https:\/\/afacanbilgi.com\/esya\/wp-content\/uploads\/2024\/05\/Konteyner-Pazari-satilik-kiralik-3-600x448.png 600w, https:\/\/afacanbilgi.com\/esya\/wp-content\/uploads\/2024\/05\/Konteyner-Pazari-satilik-kiralik-3-300x224.png 300w, https:\/\/afacanbilgi.com\/esya\/wp-content\/uploads\/2024\/05\/Konteyner-Pazari-satilik-kiralik-3-768x574.png 768w, https:\/\/afacanbilgi.com\/esya\/wp-content\/uploads\/2024\/05\/Konteyner-Pazari-satilik-kiralik-3-160x120.png 160w\" sizes=\"auto, (max-width: 849px) 100vw, 849px\" \/> <img loading=\"lazy\" decoding=\"async\" class=\"aligncenter size-full wp-image-490\" src=\"https:\/\/afacanbilgi.com\/esya\/wp-content\/uploads\/2024\/05\/Konteyner-Pazari-satilik-kiralik-1.png\" alt=\"\" width=\"783\" height=\"564\" title=\"\" srcset=\"https:\/\/afacanbilgi.com\/esya\/wp-content\/uploads\/2024\/05\/Konteyner-Pazari-satilik-kiralik-1.png 783w, https:\/\/afacanbilgi.com\/esya\/wp-content\/uploads\/2024\/05\/Konteyner-Pazari-satilik-kiralik-1-600x432.png 600w, https:\/\/afacanbilgi.com\/esya\/wp-content\/uploads\/2024\/05\/Konteyner-Pazari-satilik-kiralik-1-300x216.png 300w, https:\/\/afacanbilgi.com\/esya\/wp-content\/uploads\/2024\/05\/Konteyner-Pazari-satilik-kiralik-1-768x553.png 768w\" sizes=\"auto, (max-width: 783px) 100vw, 783px\" \/> <img loading=\"lazy\" decoding=\"async\" class=\"aligncenter size-full wp-image-491\" src=\"https:\/\/afacanbilgi.com\/esya\/wp-content\/uploads\/2024\/05\/Konteyner-Pazari-satilik-kiralik-2.png\" alt=\"\" width=\"640\" height=\"630\" title=\"\" srcset=\"https:\/\/afacanbilgi.com\/esya\/wp-content\/uploads\/2024\/05\/Konteyner-Pazari-satilik-kiralik-2.png 640w, https:\/\/afacanbilgi.com\/esya\/wp-content\/uploads\/2024\/05\/Konteyner-Pazari-satilik-kiralik-2-600x591.png 600w, https:\/\/afacanbilgi.com\/esya\/wp-content\/uploads\/2024\/05\/Konteyner-Pazari-satilik-kiralik-2-300x295.png 300w\" sizes=\"auto, (max-width: 640px) 100vw, 640px\" \/><\/p>\n","protected":false},"excerpt":{"rendered":"<h3>\u0130kinci El Konteyner Prefabrik Ev Konteyner Konya. Konteyner<\/h3>\n<p>\u0130K\u0130NC\u0130 EL KONTEYNER ALIM SATIMI \u00fcreticisi firma taraf\u0131ndan m\u00fc\u015fteri iade veya m\u00fc\u015fteri az kullan\u0131m gibi nedenlerle iade al\u0131nan ve 2.el \u00fcr\u00fcn <strong>NET KONTEYNER PREFABR\u0130K YAPI VE MALZEMELER\u0130 \u0130MALAT<\/strong> \u0130malat\u0131 Konya. \u0130ste\u011fe G\u00f6re Proje ve Metrekare Konteyner Yap\u0131m\u0131 Konya. Prefabrik Ev \u0130malat\u0131 Sat\u0131\u015f\u0131 Zor arazi ve iklim ko\u015fullar\u0131nda acil ve h\u0131zl\u0131 yerle\u015fimler i\u00e7in ofis, yemekhane, yatakhane, wc-du\u015f \u00e7\u00f6z\u00fcmleri i\u00e7in askeri konteyner tercih edilmektedir. Ege b\u00f6lgesinde, \u00d6zellikle \u0130zmir ve \u00c7evre \u0130llerinde S\u0131f\u0131r ve 2.EL Konteyner Sat\u0131\u015f\u0131n\u0131 G\u00fcvenli,<\/p>\n","protected":false},"featured_media":489,"template":"","meta":[],"product_brand":[],"product_cat":[15],"product_tag":[],"class_list":{"0":"post-488","1":"product","2":"type-product","3":"status-publish","4":"has-post-thumbnail","6":"product_cat-ikinci-el-esya","8":"first","9":"instock","10":"sale","11":"shipping-taxable","12":"purchasable","13":"product-type-simple"},"_links":{"self":[{"href":"https:\/\/afacanbilgi.com\/esya\/wp-json\/wp\/v2\/product\/488","targetHints":{"allow":["GET"]}}],"collection":[{"href":"https:\/\/afacanbilgi.com\/esya\/wp-json\/wp\/v2\/product"}],"about":[{"href":"https:\/\/afacanbilgi.com\/esya\/wp-json\/wp\/v2\/types\/product"}],"wp:featuredmedia":[{"embeddable":true,"href":"https:\/\/afacanbilgi.com\/esya\/wp-json\/wp\/v2\/media\/489"}],"wp:attachment":[{"href":"https:\/\/afacanbilgi.com\/esya\/wp-json\/wp\/v2\/media?parent=488"}],"wp:term":[{"taxonomy":"product_brand","embeddable":true,"href":"https:\/\/afacanbilgi.com\/esya\/wp-json\/wp\/v2\/product_brand?post=488"},{"taxonomy":"product_cat","embeddable":true,"href":"https:\/\/afacanbilgi.com\/esya\/wp-json\/wp\/v2\/product_cat?post=488"},{"taxonomy":"product_tag","embeddable":true,"href":"https:\/\/afacanbilgi.com\/esya\/wp-json\/wp\/v2\/product_tag?post=488"}],"curies":[{"name":"wp","href":"https:\/\/api.w.org\/{rel}","templated":true}]}}

Konteyner Pazarı, satılık, kiralık ve 2. el konteyner ilanları ile konteynerler

<h3>İkinci El Konteyner Prefabrik Ev Konteyner Konya. Konteyner</h3>
<p>İKİNCİ EL KONTEYNER ALIM SATIMI üreticisi firma tarafından müşteri iade veya müşteri az kullanım gibi nedenlerle iade alınan ve 2.el ürün <strong>NET KONTEYNER PREFABRİK YAPI VE MALZEMELERİ İMALAT</strong> İmalatı Konya. İsteğe Göre Proje ve Metrekare Konteyner Yapımı Konya. Prefabrik Ev İmalatı Satışı Zor arazi ve iklim koşullarında acil ve hızlı yerleşimler için ofis, yemekhane, yatakhane, wc-duş çözümleri için askeri konteyner tercih edilmektedir. Ege bölgesinde, Özellikle İzmir ve Çevre İllerinde Sıfır ve 2.EL Konteyner Satışını Güvenli,</p>
