{"id":531,"date":"2024-07-06T12:29:03","date_gmt":"2024-07-06T09:29:03","guid":{"rendered":"https:\/\/afacanbilgi.com\/esya\/?post_type=product&#038;p=531"},"modified":"2024-07-06T12:29:03","modified_gmt":"2024-07-06T09:29:03","slug":"ikinci-el-cektirme-makinesi-garantili-1-aylik-sifir-gibi-yeni-urun","status":"publish","type":"product","link":"https:\/\/afacanbilgi.com\/esya\/urun\/ikinci-el-cektirme-makinesi-garantili-1-aylik-sifir-gibi-yeni-urun\/","title":{"rendered":"ikinci el \u00e7ektirme makinesi garantili 1 ayl\u0131k s\u0131f\u0131r gibi yeni \u00fcr\u00fcn"},"content":{"rendered":"<p><img loading=\"lazy\" decoding=\"async\" class=\"aligncenter size-full wp-image-532\" src=\"https:\/\/afacanbilgi.com\/esya\/wp-content\/uploads\/2024\/07\/ikinci-el-cektirme-makinesi-1.png\" alt=\"\" width=\"1060\" height=\"625\" title=\"\" srcset=\"https:\/\/afacanbilgi.com\/esya\/wp-content\/uploads\/2024\/07\/ikinci-el-cektirme-makinesi-1.png 1060w, https:\/\/afacanbilgi.com\/esya\/wp-content\/uploads\/2024\/07\/ikinci-el-cektirme-makinesi-1-600x354.png 600w, https:\/\/afacanbilgi.com\/esya\/wp-content\/uploads\/2024\/07\/ikinci-el-cektirme-makinesi-1-300x177.png 300w, https:\/\/afacanbilgi.com\/esya\/wp-content\/uploads\/2024\/07\/ikinci-el-cektirme-makinesi-1-1024x604.png 1024w, https:\/\/afacanbilgi.com\/esya\/wp-content\/uploads\/2024\/07\/ikinci-el-cektirme-makinesi-1-768x453.png 768w\" sizes=\"auto, (max-width: 1060px) 100vw, 1060px\" \/> <img loading=\"lazy\" decoding=\"async\" class=\"aligncenter size-full wp-image-533\" src=\"https:\/\/afacanbilgi.com\/esya\/wp-content\/uploads\/2024\/07\/ikinci-el-cektirme-makinesi-2.png\" alt=\"\" width=\"926\" height=\"627\" title=\"\" srcset=\"https:\/\/afacanbilgi.com\/esya\/wp-content\/uploads\/2024\/07\/ikinci-el-cektirme-makinesi-2.png 926w, https:\/\/afacanbilgi.com\/esya\/wp-content\/uploads\/2024\/07\/ikinci-el-cektirme-makinesi-2-600x406.png 600w, https:\/\/afacanbilgi.com\/esya\/wp-content\/uploads\/2024\/07\/ikinci-el-cektirme-makinesi-2-300x203.png 300w, https:\/\/afacanbilgi.com\/esya\/wp-content\/uploads\/2024\/07\/ikinci-el-cektirme-makinesi-2-768x520.png 768w\" sizes=\"auto, (max-width: 926px) 100vw, 926px\" \/><\/p>\n","protected":false},"excerpt":{"rendered":"<p>ikinci el \u00e7ektirme makinesi End\u00fcstri Makineleri b\u00fcy\u00fck \u00f6l\u00e7ekli cihazlar\u0131n yan\u0131 s\u0131ra el aleti boyutunda olan k\u00fc\u00e7\u00fck \u00f6l\u00e7ekli kaporta Otomotiv El Aletleri Mengene \u00c7ektirme ; k\u00fc\u00e7\u00fck capli islerinizde ors olarak kullabilirisiniz. <strong>HAVALI AMART\u0130S\u00d6R \u00c7EKT\u0130RME APARATI UN\u0130VERSAL<\/strong><\/p>\n<p>Aciklama<\/p>\n<p>* 1 x 220V &#8211; 50HZ \u015febeke gerilimi ile \u00e7al\u0131\u015f\u0131r.<br \/>\n* Trafosu silisli sa\u00e7 ve elektrolitik cam elyaf korumal\u0131 bak\u0131rdan imal edlmi\u015ftir.<br \/>\n* 3 kademeli ak\u0131m ayar \u015falteri<br \/>\n* Zaman ayar\u0131 0.3 sn<br \/>\n* Plastik aparat kabzes\u0131 ile elektrik \u00e7arpmalar\u0131na kar\u015f\u0131 \u00f6nlem<br \/>\n* \u00d6zel \u00fcretim sar\u0131 malzemeden yap\u0131lm\u0131\u015f \u00e7ektirme aparat\u0131<br \/>\n* Kaynak kablo kesiti 95mm, 2.00 M aparat g\u00fc\u00e7 kablosu, 1.50 m \u015fase kablosu<br \/>\n* Yumu\u015fan \u00e7elikde 1.0 + 1.0mm, paslanmaz \u00e7elikde 0.5 + 0.5mm e kadar puntalama olana\u011f\u0131 sa\u011flar.<br \/>\n* Kullan\u0131\u015fl\u0131 ta\u015f\u0131ma arabas\u0131 ve ta\u015f\u0131ma arabas\u0131ndan ayr\u0131labilme sayesinde esnek kullan\u0131m olana\u011f\u0131<br \/>\n* IP2IS TSE EN 60974 -1, EN 60974-10 ve CE g\u00fcvenlik standartlar\u0131n\u0131 kaps\u0131yacak \u015fekilde tasarlanm\u0131\u015ft\u0131r.<\/p>\n","protected":false},"featured_media":532,"template":"","meta":[],"product_brand":[],"product_cat":[36],"product_tag":[],"class_list":{"0":"post-531","1":"product","2":"type-product","3":"status-publish","4":"has-post-thumbnail","6":"product_cat-ikinci-el-is-makineleri","8":"first","9":"instock","10":"sale","11":"shipping-taxable","12":"purchasable","13":"product-type-simple"},"_links":{"self":[{"href":"https:\/\/afacanbilgi.com\/esya\/wp-json\/wp\/v2\/product\/531","targetHints":{"allow":["GET"]}}],"collection":[{"href":"https:\/\/afacanbilgi.com\/esya\/wp-json\/wp\/v2\/product"}],"about":[{"href":"https:\/\/afacanbilgi.com\/esya\/wp-json\/wp\/v2\/types\/product"}],"wp:featuredmedia":[{"embeddable":true,"href":"https:\/\/afacanbilgi.com\/esya\/wp-json\/wp\/v2\/media\/532"}],"wp:attachment":[{"href":"https:\/\/afacanbilgi.com\/esya\/wp-json\/wp\/v2\/media?parent=531"}],"wp:term":[{"taxonomy":"product_brand","embeddable":true,"href":"https:\/\/afacanbilgi.com\/esya\/wp-json\/wp\/v2\/product_brand?post=531"},{"taxonomy":"product_cat","embeddable":true,"href":"https:\/\/afacanbilgi.com\/esya\/wp-json\/wp\/v2\/product_cat?post=531"},{"taxonomy":"product_tag","embeddable":true,"href":"https:\/\/afacanbilgi.com\/esya\/wp-json\/wp\/v2\/product_tag?post=531"}],"curies":[{"name":"wp","href":"https:\/\/api.w.org\/{rel}","templated":true}]}}