{"id":555,"date":"2024-07-27T09:55:21","date_gmt":"2024-07-27T06:55:21","guid":{"rendered":"https:\/\/afacanbilgi.com\/esya\/?post_type=product&#038;p=555"},"modified":"2024-07-27T09:55:21","modified_gmt":"2024-07-27T06:55:21","slug":"bosch-buzdolabi-cikma-anakart-saglam-sorunsuz-2-aylik-dolaptan-sokuldu","status":"publish","type":"product","link":"https:\/\/afacanbilgi.com\/esya\/urun\/bosch-buzdolabi-cikma-anakart-saglam-sorunsuz-2-aylik-dolaptan-sokuldu\/","title":{"rendered":"Bosch buzdolab\u0131 \u00e7\u0131kma anakart sa\u011flam sorunsuz 2 ayl\u0131k dolaptan s\u00f6k\u00fcld\u00fc"},"content":{"rendered":"<p><img loading=\"lazy\" decoding=\"async\" src=\"https:\/\/afacanbilgi.com\/esya\/wp-content\/uploads\/2024\/07\/Bosch-buzdolabi-cikma-anakart-3.png\" alt=\"\" width=\"1040\" height=\"625\" class=\"aligncenter size-full wp-image-556\" title=\"\" srcset=\"https:\/\/afacanbilgi.com\/esya\/wp-content\/uploads\/2024\/07\/Bosch-buzdolabi-cikma-anakart-3.png 1040w, https:\/\/afacanbilgi.com\/esya\/wp-content\/uploads\/2024\/07\/Bosch-buzdolabi-cikma-anakart-3-600x361.png 600w, https:\/\/afacanbilgi.com\/esya\/wp-content\/uploads\/2024\/07\/Bosch-buzdolabi-cikma-anakart-3-300x180.png 300w, https:\/\/afacanbilgi.com\/esya\/wp-content\/uploads\/2024\/07\/Bosch-buzdolabi-cikma-anakart-3-1024x615.png 1024w, https:\/\/afacanbilgi.com\/esya\/wp-content\/uploads\/2024\/07\/Bosch-buzdolabi-cikma-anakart-3-768x462.png 768w\" sizes=\"auto, (max-width: 1040px) 100vw, 1040px\" \/><\/p>\n<p><img loading=\"lazy\" decoding=\"async\" src=\"https:\/\/afacanbilgi.com\/esya\/wp-content\/uploads\/2024\/07\/Bosch-buzdolabi-cikma-anakart-1.png\" alt=\"\" width=\"1046\" height=\"628\" class=\"aligncenter size-full wp-image-557\" title=\"\" srcset=\"https:\/\/afacanbilgi.com\/esya\/wp-content\/uploads\/2024\/07\/Bosch-buzdolabi-cikma-anakart-1.png 1046w, https:\/\/afacanbilgi.com\/esya\/wp-content\/uploads\/2024\/07\/Bosch-buzdolabi-cikma-anakart-1-600x360.png 600w, https:\/\/afacanbilgi.com\/esya\/wp-content\/uploads\/2024\/07\/Bosch-buzdolabi-cikma-anakart-1-300x180.png 300w, https:\/\/afacanbilgi.com\/esya\/wp-content\/uploads\/2024\/07\/Bosch-buzdolabi-cikma-anakart-1-1024x615.png 1024w, https:\/\/afacanbilgi.com\/esya\/wp-content\/uploads\/2024\/07\/Bosch-buzdolabi-cikma-anakart-1-768x461.png 768w\" sizes=\"auto, (max-width: 1046px) 100vw, 1046px\" \/><\/p>\n<p><img loading=\"lazy\" decoding=\"async\" src=\"https:\/\/afacanbilgi.com\/esya\/wp-content\/uploads\/2024\/07\/Bosch-buzdolabi-cikma-anakart-2.png\" alt=\"\" width=\"919\" height=\"622\" class=\"aligncenter size-full wp-image-558\" title=\"\" srcset=\"https:\/\/afacanbilgi.com\/esya\/wp-content\/uploads\/2024\/07\/Bosch-buzdolabi-cikma-anakart-2.png 919w, https:\/\/afacanbilgi.com\/esya\/wp-content\/uploads\/2024\/07\/Bosch-buzdolabi-cikma-anakart-2-600x406.png 600w, https:\/\/afacanbilgi.com\/esya\/wp-content\/uploads\/2024\/07\/Bosch-buzdolabi-cikma-anakart-2-300x203.png 300w, https:\/\/afacanbilgi.com\/esya\/wp-content\/uploads\/2024\/07\/Bosch-buzdolabi-cikma-anakart-2-768x520.png 768w\" sizes=\"auto, (max-width: 919px) 100vw, 919px\" \/><\/p>\n","protected":false},"excerpt":{"rendered":"<p>Bosch buzdolab\u0131 \u00e7\u0131kma anakart  12 adet sa\u011flam sorunsuz derin dondurucu buzdolab\u0131 fiyat 45 bin yer Bosch 6 program bula\u015f\u0131k makinas\u0131 elektronik kart lazim 40 par\u00e7a beyaz e\u015fya sat\u0131l\u0131k gebze \u00fcr\u00fcnler Hepsi haz\u0131r<\/p>\n","protected":false},"featured_media":558,"template":"","meta":[],"product_brand":[],"product_cat":[15],"product_tag":[],"class_list":{"0":"post-555","1":"product","2":"type-product","3":"status-publish","4":"has-post-thumbnail","6":"product_cat-ikinci-el-esya","8":"first","9":"instock","10":"sale","11":"shipping-taxable","12":"purchasable","13":"product-type-simple"},"_links":{"self":[{"href":"https:\/\/afacanbilgi.com\/esya\/wp-json\/wp\/v2\/product\/555","targetHints":{"allow":["GET"]}}],"collection":[{"href":"https:\/\/afacanbilgi.com\/esya\/wp-json\/wp\/v2\/product"}],"about":[{"href":"https:\/\/afacanbilgi.com\/esya\/wp-json\/wp\/v2\/types\/product"}],"wp:featuredmedia":[{"embeddable":true,"href":"https:\/\/afacanbilgi.com\/esya\/wp-json\/wp\/v2\/media\/558"}],"wp:attachment":[{"href":"https:\/\/afacanbilgi.com\/esya\/wp-json\/wp\/v2\/media?parent=555"}],"wp:term":[{"taxonomy":"product_brand","embeddable":true,"href":"https:\/\/afacanbilgi.com\/esya\/wp-json\/wp\/v2\/product_brand?post=555"},{"taxonomy":"product_cat","embeddable":true,"href":"https:\/\/afacanbilgi.com\/esya\/wp-json\/wp\/v2\/product_cat?post=555"},{"taxonomy":"product_tag","embeddable":true,"href":"https:\/\/afacanbilgi.com\/esya\/wp-json\/wp\/v2\/product_tag?post=555"}],"curies":[{"name":"wp","href":"https:\/\/api.w.org\/{rel}","templated":true}]}}